 the prime factors of i?
67
Let p(f) = 7*f - 1. Suppose 2*l = 4*k - 3 + 5, 0 = 4*k - 5*l + 17. Suppose 4*y + k = 6*y. What are the prime factors of p(y)?
2, 3
Suppose -7*g = -3*g - 24. Suppose g*k + 144 = 8*k. List the prime factors of k.
2, 3
Let o = 106 + -157. List the prime factors of ((-6)/(-4))/(o/(-272)).
2
Let i be (-145)/10 - 1/(-2). Let m = 17 + i. What are the prime factors of m?
3
Suppose 2*i + 108 = 318. What are the prime factors of i?
3, 5, 7
Suppose -5*x + 5*c + 3425 = 0, -3*x + 21*c + 2035 = 22*c. What are the prime factors of x?
2, 5, 17
Let z be 16 - (2 - -1)*-1. Suppose -63 = -o - z. Let u = o + -11. List the prime factors of u.
3, 11
Let l = -50 - -64. Let m = l + 17. List the prime factors of m.
31
Let n = 13 - 8. Let g(l) = l**3 - 6*l**2 + 7*l - 7. Let z be g(n). Let m = 6 + z. What are the prime factors of m?
3
Suppose -13*v - 3546 = -22*v. What are the prime factors of v?
2, 197
Let k(x) = 111*x**3 + 3*x**2. Let d(n) = 166*n**3 + 4*n**2. Let c(m) = 5*d(m) - 7*k(m). Let q = -1 + 2. What are the prime factors of c(q)?
2, 13
Suppose 5*y - 1451 = 2339. What are the prime factors of y?
2, 379
Let h be 1*101 + (-5)/((-20)/8). Suppose 3*x + 0*x + h = 2*t, 4*t = -x + 227. What are the prime factors of t?
2, 7
Let k = 748 + -169. What are the prime factors of k?
3, 193
Let f(p) = -8*p**2 - 3 + p**3 + 21*p**2 + 10*p**2 + 14 + 21*p. What are the prime factors of f(-22)?
3, 11
Let s(d) = 5*d + 112. Let w be (-1)/(-4) - 1/4. What are the prime factors of s(w)?
2, 7
What are the prime factors of (66/(-176) - 2/(-48))*-3369?
1123
Let d(k) = k**2 + 26*k - 14. Let x be d(-26). Let c(f) = -13*f - 6. What are the prime factors of c(x)?
2, 11
Let t = 17 - 16. Let z be 2/t - (46 + 7). Let c = z - -80. List the prime factors of c.
29
Let f(g) = -g**2 - 18*g + 24. Suppose 18 = -r - 4*c, c = 3*r - 3*c + 22. List the prime factors of f(r).
2, 13
Let a = -308 - -434. List the prime factors of (a/(-4) + -2)*-2.
67
List the prime factors of 18/(3495/580 - 6).
2, 3, 29
Suppose -15*i - v + 13876 = -12*i, -18523 = -4*i + 3*v. List the prime factors of i.
7, 661
Let i(b) = 4*b + 10. Let u be i(-2). What are the prime factors of u/13 - 13335/(-273)?
7
Let q be (-32)/(-144) + 4/(-18). Suppose -8*t + 1778 - 146 = q. What are the prime factors of t?
2, 3, 17
Let k = 557 - -1019. List the prime factors of k.
2, 197
Let j = -3 + 6. Let y = j + 8. Suppose -f = -3*c + 6, 2*c - y = -f + 8. List the prime factors of f.
3
Suppose 2*b - 23 = -2*h + b, -b = -1. What are the prime factors of h/(((-2)/(-10))/1)?
5, 11
Suppose 975 = -305*r + 308*r. List the prime factors of r.
5, 13
Suppose 14 = -k + 16. Let q be -7 + 2 + (k - 2). What are the prime factors of q + 1 - -7*6?
2, 19
Let z(i) = 14*i**3 - 4*i**2 + i + 2. Let y be z(2). What are the prime factors of y/15*18/8?
3, 5
Suppose -4*o + y = -1129, 2*y + 2*y = 2*o - 568. List the prime factors of o.
2, 3, 47
Let f be -5*((-3)/4)/(150/80). Suppose -2*p - f*p + 2*h = -930, -3*h = 3. List the prime factors of p.
2, 29
Let m be ((-12)/10)/((-4)/10). Suppose -6 = -4*q + 2, m*y = -5*q + 223. Suppose -4*n + n + 2*l = -y, -2*l - 29 = -n. What are the prime factors of n?
3, 7
Suppose 9*q + 4*a = 4*q + 6205, 0 = -3*a + 15. What are the prime factors of q?
1237
Suppose 4*o - 28 - 68 = 0. Suppose 3*c + 4 + 8 = 0. Let b = o + c. What are the prime factors of b?
2, 5
Suppose 13*c - 17958 - 7132 = 0. List the prime factors of c.
2, 5, 193
Suppose 3*k = 2*k. Suppose k = -37*d + 36*d + 56. List the prime factors of d.
2, 7
Let b = -1017 + 1753. What are the prime factors of b?
2, 23
Let b = 14 - -71. Let n = b + 16. List the prime factors of n.
101
Let i(h) = 0*h + 3*h + 1475*h**2 - 1474*h**2 + 6. Let n(k) = -5*k**3 - 2*k**2 + 2*k - 1. Let x be n(1). What are the prime factors of i(x)?
2, 3
Let s(g) = 82*g**2 + 2*g + 7. Let f(o) = 3*o**3 - 8*o**2 - 3*o - 2. Let l be f(3). List the prime factors of s(l).
331
Suppose 3*h = 42 - 318. Let z be h/2 + (-12)/(-4). Let a = 80 + z. List the prime factors of a.
37
Let v(o) = o**2 + 7*o. What are the prime factors of v(8)?
2, 3, 5
Let q(y) be the third derivative of y**5/10 - y**4/8 - 3*y**3/2 + 10*y**2. What are the prime factors of q(4)?
3, 5
Suppose -2*n = 2*x + 2*x - 14, -4*x = -5*n - 35. Suppose 0 = x*v - 6 - 19. Suppose -v*g + 18 + 7 = 0. List the prime factors of g.
5
Suppose -2 = c, 5*c - 1469 = -3*v - 0*c. What are the prime factors of v?
17, 29
Suppose 4*n + 3*k - 272 - 238 = 0, 2*n + 4*k = 260. List the prime factors of n.
2, 3, 7
Let r = -64 - -723. Let n = -413 + r. What are the prime factors of n?
2, 3, 41
Suppose -5*l - 960 = -5*n, -2*n + 5*l + 384 = 4*l. Suppose 13*k - n = 9*k. What are the prime factors of k?
2, 3
Suppose 5*p - 4*d - 710 - 23588 = 0, 3*d + 9722 = 2*p. What are the prime factors of p?
2, 7, 347
Suppose -4*c + 2*s = -694, -5*c + 863 = 17*s - 21*s. What are the prime factors of c?
5, 7
What are the prime factors of (64/3 - 6)*159/2?
23, 53
Suppose 5*y + 15 = -0*z + z, z - 3*y = 11. Suppose -2*q + 0*q = -d + 18, -3*d - z*q + 87 = 0. What are the prime factors of d?
2, 3
Let l(b) = b**3 - 21*b**2 + 22*b - 20. List the prime factors of l(20).
2, 5
What are the prime factors of (-1)/5 + ((-7918944)/110)/(-12)?
7, 857
Let z(j) = -j**3 + 20*j**2 - 36*j + 14. What are the prime factors of z(13)?
3
Suppose 0 = -13*p + 9*p + 8. Suppose 3*w + 0*r = -p*r + 445, 0 = 4*w + 3*r - 595. What are the prime factors of w?
5, 29
Let v = 12 - 9. Suppose -126 - 63 = -v*m. What are the prime factors of m?
3, 7
Suppose 2*w = 3*f + 25, -3*w = -6*f + f - 38. Let q = w + 27. List the prime factors of q.
2, 19
Let c(v) = 17*v - 50*v + 23*v. List the prime factors of c(-8).
2, 5
List the prime factors of 636 - (9 - (0 + -1)).
2, 313
Suppose 0 = -3*z + 3*p - 36 + 3, -3*p - 30 = 4*z. What are the prime factors of (-6)/z + 109/3?
37
Let b(r) = -8*r + 92. What are the prime factors of b(7)?
2, 3
Let l(g) = -611*g**3 + 3*g**2 + 5*g + 2. List the prime factors of l(-1).
13, 47
List the prime factors of -5 + 350 + 3/(-1).
2, 3, 19
Let a = 6 - 9. Let h(t) = -t**3 - 3*t**2 + 4*t. Let r be h(a). Let y = r + 25. What are the prime factors of y?
13
Let f(a) = a**3 - 4*a**2 - 4*a - 4. Let y be f(5). List the prime factors of (6 + y)/(((-9)/3)/(-33)).
7, 11
Suppose 4 = -3*n + 28. Suppose 0 = n*v - 203 - 117. What are the prime factors of v?
2, 5
Suppose -108 = -3*n - 0*n. Let x = n + -6. List the prime factors of x.
2, 3, 5
Let a(f) = 2*f**3 - f**2 - 5*f + 2. Let m be a(3). Let q be 2/(-8) - (-1032)/m. Suppose 0 = -w + q + 29. What are the prime factors of w?
61
Let g be -3*1*4/(-6). Suppose -21 = -3*b - g*n, -3*b - n = -2*n - 12. Suppose -51 = -b*i - 6. List the prime factors of i.
3
Let d(s) = 69*s - 145. Let v(f) = 23*f - 48. Let g(r) = 4*d(r) - 11*v(r). List the prime factors of g(11).
3, 67
Suppose 0 = -8*p - 43 - 37. List the prime factors of 11814/110 - (-4)/p.
107
Suppose 3*a = -5*d + 246 + 1144, 3*d - 850 = -5*a. List the prime factors of d.
5, 11
Suppose -50*t = -48*t - 4. Let d = 0 + 4. Suppose d*u = t*u + 94. What are the prime factors of u?
47
Let r(h) = -h**3 + h + 13. Let w be r(0). Let v = -9 - -17. Suppose -85 = -w*a + v*a. What are the prime factors of a?
17
Suppose 0 = 2*p - 4*p + 4, -5*g - 189 = 3*p. Let m = 125 + g. List the prime factors of m.
2, 43
Suppose -15*d - 300 = -20*d. List the prime factors of (d/(-50))/(1 - (-97)/(-95)).
3, 19
Suppose -24*c = -23*c - 204. Suppose -13*n - c = -16*n. What are the prime factors of n?
2, 17
Let r(y) = -6*y**3 - y**2 - y - 27. What are the prime factors of r(-4)?
3, 5, 23
Let u(o) = -3*o - 25. Let w be u(-11). Let q(f) be the second derivative of 2*f**3/3 - 13*f**2/2 - f. List the prime factors of q(w).
19
Let v(g) = 2*g**3 - g**2 + 2*g + 6. Let w(l) = l**3 + 4*l**2 - 2*l - 4. Let s be w(-4). What are the prime factors of v(s)?
2, 3, 7
Let y = 143 - 133. Suppose y*m - 452 = 6*m. List the prime factors of m.
113
Let p(d) = 27*d**2 - 17*d + 23. What are the prime factors of p(10)?
3, 23, 37
What are the prime factors of (248/(-32) + 7)/((-4)/9024)?
2, 3, 47
Suppose -5*t - 388 = 752. List the prime factors of (-4)/(-38) - 17304/t.
2, 19
Suppose 0 = o - 4*n - 68, -2*o = -4*o - 3*n + 169. List the prime factors of o.
2, 5
Let v be 4 + 0/2 - 